{"id":7755,"date":"2024-03-15T20:12:51","date_gmt":"2024-03-16T02:12:51","guid":{"rendered":"https:\/\/laparanera.com\/?page_id=7755"},"modified":"2024-05-10T14:50:00","modified_gmt":"2024-05-10T20:50:00","slug":"aviso-de-privacidad","status":"publish","type":"page","link":"https:\/\/laparanera.com\/eng\/aviso-de-privacidad\/","title":{"rendered":"Privacy notice"},"content":{"rendered":"<div data-elementor-type=\"wp-page\" data-elementor-id=\"7755\" class=\"elementor elementor-7755\" data-elementor-post-type=\"page\">\n\t\t\t\t\t\t<section class=\"elementor-section elementor-top-section elementor-element elementor-element-6ec6601 elementor-section-boxed elementor-section-height-default elementor-section-height-default wpr-particle-no wpr-jarallax-no wpr-parallax-no wpr-sticky-section-no\" data-id=\"6ec6601\" data-element_type=\"section\">\n\t\t\t\t\t\t<div class=\"elementor-container elementor-column-gap-default\">\n\t\t\t\t\t<div class=\"elementor-column elementor-col-100 elementor-top-column elementor-element elementor-element-ea65539\" data-id=\"ea65539\" data-element_type=\"column\">\n\t\t\t<div class=\"elementor-widget-wrap elementor-element-populated\">\n\t\t\t\t\t\t<div class=\"elementor-element elementor-element-48a4ce3 elementor-widget elementor-widget-text-editor\" data-id=\"48a4ce3\" data-element_type=\"widget\" data-widget_type=\"text-editor.default\">\n\t\t\t\t<div class=\"elementor-widget-container\">\n\t\t\t\t\t\t\t<h2 class=\"elementor-heading-title elementor-size-default\">Aviso de Privacidad<\/h2>\t\t\t\t\t\t<\/div>\n\t\t\t\t<\/div>\n\t\t\t\t<div class=\"elementor-element elementor-element-18e9c64 elementor-widget elementor-widget-text-editor\" data-id=\"18e9c64\" data-element_type=\"widget\" data-widget_type=\"text-editor.default\">\n\t\t\t\t<div class=\"elementor-widget-container\">\n\t\t\t\t\t\t\t<p>Para los fines se\u00f1alados en el presente Aviso de Privacidad, La Paranera Hotel &amp; Relax podr\u00e1 recabar sus datos personales de diversas formas los cuales estar\u00e1n protegidos de forma administrativa, t\u00e9cnica y f\u00edsica para evitar su p\u00e9rdida, uso indebido, el acceso no autorizado a los mismos, as\u00ed como su publicaci\u00f3n, modificaci\u00f3n o destrucci\u00f3n.<br \/>Los datos personales solicitados pueden ser:<\/p><ul><li><strong>Identificaci\u00f3n:<\/strong>\u00a0nombre (s), apellido (s), n\u00famero (s) telef\u00f3nico (s), direcci\u00f3n de correo electr\u00f3nico, edad, fecha de nacimiento, g\u00e9nero, raz\u00f3n social, estado civil, RFC, motivo de visita, necesidades de viaje o de alimentos, entre otros.<\/li><li><strong>Ubicaci\u00f3n f\u00edsica:<\/strong>\u00a0domicilio particular, domicilio fiscal, fechas de reservaci\u00f3n y\/o estancia, hora de llegada.<\/li><li><strong>Patrimoniales<\/strong>: n\u00famero de tarjeta bancaria, fecha de vencimiento y c\u00f3digo de seguridad.<\/li><\/ul><p>Sus datos personales ser\u00e1n utilizados para las siguientes finalidades:<\/p><ul><li>Proveer los servicios solicitados y\/o contratados.<\/li><li>Evaluar la calidad del servicio que le brindamos.<\/li><li>Con fines estad\u00edsticos.<\/li><li>Con fines de promoci\u00f3n, difusi\u00f3n de productos y\/o servicios (v\u00eda telef\u00f3nica o correo electr\u00f3nico)<\/li><\/ul><p>Usted puede revocar el consentimiento que, en su caso, nos haya otorgado para el uso de sus datos personales, sin embargo, es importante que tenga bajo consideraci\u00f3n que existe la posibilidad de que no podamos atender y concluir el uso de forma inmediata, ya que es posible que por alguna obligaci\u00f3n legal requiramos seguir utilizando sus datos personales. A su vez hacer de su conocimiento que, para ciertos fines, la revocaci\u00f3n de su consentimiento implicar\u00e1 que no le podamos seguir proporcionando el servicio que nos solicit\u00f3 o la conclusi\u00f3n de la relaci\u00f3n con nosotros.<\/p><p>Para revocar su consentimiento deber\u00e1 presentar su solicitud a trav\u00e9s del siguiente medio:<br \/>reservaciones@laparanera.com<\/p><p>\u00daltima actualizaci\u00f3n octubre de 2021.<\/p>\t\t\t\t\t\t<\/div>\n\t\t\t\t<\/div>\n\t\t\t\t\t<\/div>\n\t\t<\/div>\n\t\t\t\t\t<\/div>\n\t\t<\/section>\n\t\t\t\t<\/div>","protected":false},"excerpt":{"rendered":"<p>Aviso de Privacidad Para los fines se\u00f1alados en el presente Aviso de Privacidad, La Paranera Hotel &amp; Relax podr\u00e1 recabar sus datos personales de diversas formas los cuales estar\u00e1n protegidos de forma administrativa, t\u00e9cnica y f\u00edsica para evitar su p\u00e9rdida, uso indebido, el acceso no autorizado a los mismos, as\u00ed como su publicaci\u00f3n, modificaci\u00f3n o destrucci\u00f3n.Los datos personales solicitados pueden ser: Identificaci\u00f3n:\u00a0nombre (s), apellido (s), n\u00famero (s) telef\u00f3nico (s), direcci\u00f3n de correo electr\u00f3nico, edad, fecha de nacimiento, g\u00e9nero, raz\u00f3n social, estado civil, RFC, motivo de visita, necesidades de viaje o de alimentos, entre otros. Ubicaci\u00f3n f\u00edsica:\u00a0domicilio particular, domicilio fiscal, fechas de reservaci\u00f3n y\/o estancia, hora de llegada. Patrimoniales: n\u00famero de tarjeta bancaria, fecha de vencimiento y c\u00f3digo de seguridad. Sus datos personales ser\u00e1n utilizados para las siguientes finalidades: Proveer los servicios solicitados y\/o contratados. Evaluar la calidad del servicio que le brindamos. Con fines estad\u00edsticos. Con fines de promoci\u00f3n, difusi\u00f3n de productos y\/o servicios (v\u00eda telef\u00f3nica o correo electr\u00f3nico) Usted puede revocar el consentimiento que, en su caso, nos haya otorgado para el uso de sus datos personales, sin embargo, es importante que tenga bajo consideraci\u00f3n que existe la posibilidad de que no podamos atender y concluir el uso de forma inmediata, ya que es posible que por alguna obligaci\u00f3n legal requiramos seguir utilizando sus datos personales. A su vez hacer de su conocimiento que, para ciertos fines, la revocaci\u00f3n de su consentimiento implicar\u00e1 que no le podamos seguir proporcionando el servicio que nos solicit\u00f3 o la conclusi\u00f3n de la relaci\u00f3n con nosotros. Para revocar su consentimiento deber\u00e1 presentar su solicitud a trav\u00e9s del siguiente medio:reservaciones@laparanera.com \u00daltima actualizaci\u00f3n octubre de 2021.<\/p>","protected":false},"author":5,"featured_media":0,"parent":0,"menu_order":0,"comment_status":"closed","ping_status":"closed","template":"","meta":{"footnotes":""},"_links":{"self":[{"href":"https:\/\/laparanera.com\/eng\/wp-json\/wp\/v2\/pages\/7755"}],"collection":[{"href":"https:\/\/laparanera.com\/eng\/wp-json\/wp\/v2\/pages"}],"about":[{"href":"https:\/\/laparanera.com\/eng\/wp-json\/wp\/v2\/types\/page"}],"author":[{"embeddable":true,"href":"https:\/\/laparanera.com\/eng\/wp-json\/wp\/v2\/users\/5"}],"replies":[{"embeddable":true,"href":"https:\/\/laparanera.com\/eng\/wp-json\/wp\/v2\/comments?post=7755"}],"version-history":[{"count":7,"href":"https:\/\/laparanera.com\/eng\/wp-json\/wp\/v2\/pages\/7755\/revisions"}],"predecessor-version":[{"id":7762,"href":"https:\/\/laparanera.com\/eng\/wp-json\/wp\/v2\/pages\/7755\/revisions\/7762"}],"wp:attachment":[{"href":"https:\/\/laparanera.com\/eng\/wp-json\/wp\/v2\/media?parent=7755"}],"curies":[{"name":"wp","href":"https:\/\/api.w.org\/{rel}","templated":true}]}}