{"id":8660,"date":"2024-05-23T15:53:33","date_gmt":"2024-05-23T21:53:33","guid":{"rendered":"https:\/\/laparanera.com\/?page_id=8660"},"modified":"2024-10-24T17:53:03","modified_gmt":"2024-10-24T23:53:03","slug":"a-donde-ir","status":"publish","type":"page","link":"https:\/\/laparanera.com\/eng\/a-donde-ir\/","title":{"rendered":"Where to go"},"content":{"rendered":"<div data-elementor-type=\"wp-page\" data-elementor-id=\"8660\" class=\"elementor elementor-8660\" data-elementor-post-type=\"page\">\n\t\t\t\t\t\t<section class=\"elementor-section elementor-top-section elementor-element elementor-element-e4b9984 elementor-section-full_width elementor-section-height-default elementor-section-height-default wpr-particle-no wpr-jarallax-no wpr-parallax-no wpr-sticky-section-no\" data-id=\"e4b9984\" data-element_type=\"section\" data-settings=\"{&quot;background_background&quot;:&quot;classic&quot;}\">\n\t\t\t\t\t\t<div class=\"elementor-container elementor-column-gap-default\">\n\t\t\t\t\t<div class=\"elementor-column elementor-col-100 elementor-top-column elementor-element elementor-element-79901b8\" data-id=\"79901b8\" data-element_type=\"column\">\n\t\t\t<div class=\"elementor-widget-wrap elementor-element-populated\">\n\t\t\t\t\t\t<div class=\"elementor-element elementor-element-54187d9 elementor-widget elementor-widget-text-editor\" data-id=\"54187d9\" data-element_type=\"widget\" data-widget_type=\"text-editor.default\">\n\t\t\t\t<div class=\"elementor-widget-container\">\n\t\t\t\t\t\t\t<p>Where to go<\/p>\t\t\t\t\t\t<\/div>\n\t\t\t\t<\/div>\n\t\t\t\t<div class=\"elementor-element elementor-element-8da0134 elementor-widget elementor-widget-text-editor\" data-id=\"8da0134\" data-element_type=\"widget\" data-widget_type=\"text-editor.default\">\n\t\t\t\t<div class=\"elementor-widget-container\">\n\t\t\t\t\t\t\t<p><span style=\"font-weight: 400;\">Download our experiences magazine<\/span><\/p>\t\t\t\t\t\t<\/div>\n\t\t\t\t<\/div>\n\t\t\t\t<div class=\"elementor-element elementor-element-ffa1584 elementor-align-center elementor-mobile-align-justify elementor-widget elementor-widget-button\" data-id=\"ffa1584\" data-element_type=\"widget\" data-widget_type=\"button.default\">\n\t\t\t\t<div class=\"elementor-widget-container\">\n\t\t\t\t\t<div class=\"elementor-button-wrapper\">\n\t\t\t<a class=\"elementor-button elementor-button-link elementor-size-sm\" href=\"https:\/\/drive.google.com\/file\/d\/1mwsN9MlUT7gjiVd0UXfatM0Thf2mq7UK\/view\" target=\"_blank\">\n\t\t\t\t\t\t<span class=\"elementor-button-content-wrapper\">\n\t\t\t\t\t\t\t\t\t<span class=\"elementor-button-text\">Download places guide<\/span>\n\t\t\t\t\t<\/span>\n\t\t\t\t\t<\/a>\n\t\t<\/div>\n\t\t\t\t<\/div>\n\t\t\t\t<\/div>\n\t\t\t\t\t<\/div>\n\t\t<\/div>\n\t\t\t\t\t<\/div>\n\t\t<\/section>\n\t\t\t\t<\/div>","protected":false},"excerpt":{"rendered":"<p>A d\u00f3nde ir Descarga aqu\u00ed nuestra revista de experiencias Descargar gu\u00eda de lugares<\/p>","protected":false},"author":5,"featured_media":0,"parent":0,"menu_order":0,"comment_status":"closed","ping_status":"closed","template":"","meta":{"footnotes":""},"_links":{"self":[{"href":"https:\/\/laparanera.com\/eng\/wp-json\/wp\/v2\/pages\/8660"}],"collection":[{"href":"https:\/\/laparanera.com\/eng\/wp-json\/wp\/v2\/pages"}],"about":[{"href":"https:\/\/laparanera.com\/eng\/wp-json\/wp\/v2\/types\/page"}],"author":[{"embeddable":true,"href":"https:\/\/laparanera.com\/eng\/wp-json\/wp\/v2\/users\/5"}],"replies":[{"embeddable":true,"href":"https:\/\/laparanera.com\/eng\/wp-json\/wp\/v2\/comments?post=8660"}],"version-history":[{"count":19,"href":"https:\/\/laparanera.com\/eng\/wp-json\/wp\/v2\/pages\/8660\/revisions"}],"predecessor-version":[{"id":8810,"href":"https:\/\/laparanera.com\/eng\/wp-json\/wp\/v2\/pages\/8660\/revisions\/8810"}],"wp:attachment":[{"href":"https:\/\/laparanera.com\/eng\/wp-json\/wp\/v2\/media?parent=8660"}],"curies":[{"name":"wp","href":"https:\/\/api.w.org\/{rel}","templated":true}]}}